{"id":229,"date":"2025-09-11T16:48:23","date_gmt":"2025-09-11T16:48:23","guid":{"rendered":"https:\/\/vivreacoustaussa.com\/?page_id=229"},"modified":"2025-09-11T16:48:23","modified_gmt":"2025-09-11T16:48:23","slug":"vie-municipale","status":"publish","type":"page","link":"https:\/\/vivreacoustaussa.com\/index.php\/vie-municipale\/","title":{"rendered":"VIE MUNICIPALE"},"content":{"rendered":"\n<div class=\"wp-block-columns is-layout-flex wp-container-core-columns-is-layout-28f84493 wp-block-columns-is-layout-flex\">\n<div class=\"wp-block-column is-layout-flow wp-block-column-is-layout-flow\" style=\"flex-basis:33.33%\">\n<figure class=\"wp-block-image size-full\"><img loading=\"lazy\" decoding=\"async\" width=\"1024\" height=\"1024\" src=\"http:\/\/vivreacoustaussa.com\/wp-content\/uploads\/2025\/09\/a3261f95-1dc4-4177-ac6b-8837d9b3e852-2.jpg\" alt=\"\" class=\"wp-image-213\" srcset=\"https:\/\/vivreacoustaussa.com\/wp-content\/uploads\/2025\/09\/a3261f95-1dc4-4177-ac6b-8837d9b3e852-2.jpg 1024w, https:\/\/vivreacoustaussa.com\/wp-content\/uploads\/2025\/09\/a3261f95-1dc4-4177-ac6b-8837d9b3e852-2-300x300.jpg 300w, https:\/\/vivreacoustaussa.com\/wp-content\/uploads\/2025\/09\/a3261f95-1dc4-4177-ac6b-8837d9b3e852-2-150x150.jpg 150w, https:\/\/vivreacoustaussa.com\/wp-content\/uploads\/2025\/09\/a3261f95-1dc4-4177-ac6b-8837d9b3e852-2-768x768.jpg 768w\" sizes=\"auto, (max-width: 1024px) 100vw, 1024px\" \/><\/figure>\n<\/div>\n\n\n\n<div class=\"wp-block-column is-layout-flow wp-block-column-is-layout-flow\" style=\"flex-basis:66.66%\">\n<p>La rubrique <strong>Vies municipales<\/strong> est pens\u00e9e comme un espace d\u2019information et de partage autour de la vie citoyenne \u00e0 Coustaussa.<br>Vous y retrouverez :<\/p>\n\n\n\n<ul class=\"wp-block-list\">\n<li>les <strong>comptes rendus et dates des conseils municipaux<\/strong>,<\/li>\n\n\n\n<li>des <strong>informations pratiques<\/strong> utiles au quotidien,<\/li>\n\n\n\n<li>un suivi particulier sur la <strong>qualit\u00e9 de l\u2019eau potable<\/strong>, enjeu crucial pour notre village,<\/li>\n\n\n\n<li>des explications sur les <strong>r\u00e8gles et enjeux des futures \u00e9lections municipales<\/strong>,<\/li>\n\n\n\n<li>ainsi que bien d\u2019autres sujets li\u00e9s \u00e0 la vie d\u00e9mocratique et collective.<\/li>\n<\/ul>\n\n\n\n<p>L\u2019objectif de cette page est clair : offrir \u00e0 chaque habitant une vision transparente et accessible de la gestion communale, pour que chacun puisse mieux comprendre, participer et contribuer \u00e0 l\u2019avenir de Coustaussa.<\/p>\n<\/div>\n<\/div>\n","protected":false},"excerpt":{"rendered":"<p>La rubrique Vies municipales est pens\u00e9e comme un espace d\u2019information et de partage autour de la vie citoyenne \u00e0 Coustaussa.Vous y retrouverez : L\u2019objectif de cette page est clair : offrir \u00e0 chaque habitant une vision transparente et accessible de la gestion communale, pour que chacun puisse mieux comprendre, participer [&hellip;]<\/p>\n","protected":false},"author":1,"featured_media":0,"parent":0,"menu_order":0,"comment_status":"closed","ping_status":"closed","template":"","meta":{"footnotes":""},"class_list":["post-229","page","type-page","status-publish","hentry"],"_links":{"self":[{"href":"https:\/\/vivreacoustaussa.com\/index.php\/wp-json\/wp\/v2\/pages\/229","targetHints":{"allow":["GET"]}}],"collection":[{"href":"https:\/\/vivreacoustaussa.com\/index.php\/wp-json\/wp\/v2\/pages"}],"about":[{"href":"https:\/\/vivreacoustaussa.com\/index.php\/wp-json\/wp\/v2\/types\/page"}],"author":[{"embeddable":true,"href":"https:\/\/vivreacoustaussa.com\/index.php\/wp-json\/wp\/v2\/users\/1"}],"replies":[{"embeddable":true,"href":"https:\/\/vivreacoustaussa.com\/index.php\/wp-json\/wp\/v2\/comments?post=229"}],"version-history":[{"count":1,"href":"https:\/\/vivreacoustaussa.com\/index.php\/wp-json\/wp\/v2\/pages\/229\/revisions"}],"predecessor-version":[{"id":230,"href":"https:\/\/vivreacoustaussa.com\/index.php\/wp-json\/wp\/v2\/pages\/229\/revisions\/230"}],"wp:attachment":[{"href":"https:\/\/vivreacoustaussa.com\/index.php\/wp-json\/wp\/v2\/media?parent=229"}],"curies":[{"name":"wp","href":"https:\/\/api.w.org\/{rel}","templated":true}]}}